rt -1100110100111 (base 2) to base 6.
-50223
Convert 110435 (base 6) to base 10.
9239
-3172 (base 14) to base 2
-10000101010000
-113031 (base 9) to base 13
-24b44
-2515 (base 6) to base 7
-1550
-1248 (base 15) to base 14
-15c1
4885 (base 13) to base 8
24011
Convert 136 (base 16) to base 6.
1234
-794 (base 15) to base 5
-23324
What is 44021 (base 6) in base 12?
3611
Convert 486 (base 10) to base 14.
26a
What is 1112245 (base 6) in base 4?
31233011
2323 (base 7) to base 12
5aa
-11010131 (base 4) to base 9
-31432
-21170 (base 11) to base 4
-13201123
What is -22452 (base 6) in base 8?
-6200
-819 (base 11) to base 9
-1317
What is -1011001101010 (base 2) in base 11?
-4347
What is 8b71 (base 12) in base 11?
10705
-21234 (base 5) to base 11
-10a3
-341140 (base 5) to base 12
-6b79
What is 21131 (base 4) in base 16?
25d
-104234 (base 6) to base 12
-507a
4270 (base 8) to base 15
9dc
111011110 (base 2) to base 6
2114
Convert 1056 (base 16) to base 11.
3162
Convert -11011100 (base 2) to base 7.
-433
-2127 (base 11) to base 6
-21004
What is 10022022 (base 3) in base 10?
2411
-11231 (base 4) to base 10
-365
What is -4c8 (base 14) in base 11?
-7a3
Convert -3031320 (base 4) to base 12.
-7760
What is -442 (base 15) in base 5?
-12322
-16168 (base 14) to base 6
-1103224
-2938 (base 12) to base 3
-20120122
Convert -14184 (base 9) to base 10.
-9634
-5c53 (base 15) to base 11
-13847
What is -1110 (base 7) in base 16?
-18f
-359 (base 10) to base 4
-11213
4435 (base 7) to base 8
3072
215 (base 6) to base 10
83
Convert 17306 (base 9) to base 13.
5565
Convert -122234 (base 5) to base 16.
-1256
What is -2251 (base 7) in base 5?
-11240
100655 (base 8) to base 16
81ad
What is -1248 (base 10) in base 3?
-1201020
-220021 (base 3) to base 7
-1624
-823 (base 13) to base 14
-709
What is 2800 (base 9) in base 12?
1276
1420220 (base 5) to base 4
13023323
What is 118 (base 16) in base 4?
10120
Convert -1503 (base 15) to base 2.
-1000110010111
Convert -33213 (base 4) to base 10.
-999
What is -935 (base 15) in base 9?
-2755
Convert -10011010000010001 (base 2) to base 8.
-232021
Convert 73b (base 12) to base 8.
2037
Convert 4011 (base 7) to base 3.
1220010
Convert -10303 (base 6) to base 4.
-111333
Convert -5a88 (base 15) to base 8.
-45465
-14907 (base 10) to base 6
-153003
What is 341 (base 9) in base 3?
101101
What is 127 (base 9) in base 3?
10221
What is -6c (base 13) in base 11?
-82
Convert -38f6 (base 16) to base 7.
-60341
b82a (base 14) to base 11
21980
-101011010000 (base 2) to base 5
-42033
What is 25620 (base 7) in base 4?
1222221
What is -242a (base 12) in base 7?
-14566
-1101322 (base 4) to base 6
-40134
What is -463 (base 14) in base 7?
-2353
244 (base 8) to base 9
202
What is 1121022 (base 3) in base 9?
1538
Convert -44a9 (base 12) to base 5.
-220432
What is -10310 (base 4) in base 11?
-260
5570 (base 13) to base 9
17315
-2436 (base 11) to base 13
-15b0
What is 2247 (base 16) in base 8?
21107
Convert 303 (base 13) to base 16.
1fe
Convert -226a (base 13) to base 9.
-6545
210000002 (base 3) to base 16
3bcf
-11010100011000 (base 2) to base 4
-3110120
-232 (base 9) to base 3
-21002
What is 100111100111111 (base 2) in base 7?
113101
What is 122113 (base 4) in base 11?
12a4
-540 (base 7) to base 5
-2043
Convert -5ea (base 15) to base 8.
-2501
Convert 5d8 (base 14) to base 10.
1170
1420130 (base 5) to base 11
20111
What is 341430 (base 6) in base 7?
150141
Convert -3257 (base 9) to base 4.
-211201
What is -1875 (base 15) in base 10?
-5285
3c0 (base 13) to base 14
355
What is -436 (base 10) in base 6?
-2004
Convert 86525 (base 10) to base 11.
5a00a
Convert -1346 (base 7) to base 10.
-524
22a3 (base 11) to base 12
18b5
Convert -1100010200 (base 3) to base 16.
-66e7
26113 (base 8) to base 9
16488
Convert 3c4 (base 14) to base 11.
631
Convert 68b (base 13) to base 8.
2151
Convert -71360 (base 8) to base 2.
-111001011110000
Convert 2411 (base 5) to base 7.
1016
Convert -555 (base 10) to base 4.
-20223
100c5 (base 14) to base 15
b679
What is 100110110011101 (base 2) in base 3?
1000020220
202201 (base 5) to base 15
1e1b
Convert -2111331 (base 5) to base 11.
-24505
Convert 735 (base 8) to base 9.
580
Convert -3666 (base 10) to base 15.
-1146
What is -1522 (base 13) in base 14?
-1194
Convert 3010320 (base 4) to base 13.
5973
155516 (base 8) to base 10
56142
What is 25394 (base 13) in base 16?
10c7f
What is -30a (base 13) in base 15?
-247
7e30 (base 16) to base 5
2013204
-11111011001000 (base 2) to base 9
-24037
Convert 21222 (base 5) to base 15.
65c
Convert -966 (base 13) to base 9.
-2173
What is -12301010 (base 4) in base 14?
-a15a
1664 (base 7) to base 8
1253
What is 11324 (base 5) in base 16?
347
What is -1004 (base 11) in base 13?
-7b9
-3120 (base 8) to base 16
-650
What is -110010011010110 (base 2) in base 15?
-79ae
Convert 68bc (base 16) to base 7.
141112
Convert -11816 (base 11) to base 10.
-16957
Convert b8 (base 16) to base 9.
224
What is -3770 (base 8) in base 2?
-11111111000
-5224 (base 7) to base 15
-821
-110221 (base 5) to base 13
-1972
What is -14113 (base 9) in base 3?
-111010110
Convert 320021 (base 6) to base 8.
62515
121103 (base 4) to base 11
1242
Convert -30955 (base 12) to base 6.
-1210145
Convert 15b2 (base 13) to base 14.
1239
What is 2222 (base 4) in base 11?
145
Convert -68b (base 16) to base 15.
-76a
What is 1100110100000 (base 2) in base 6?
50212
What is 4055 (base 6) in base 7?
2423
Convert 3343 (base 7) to base 6.
5331
Convert -125c (base 13) to base 15.
-b92
What is -aa10 (base 11) in base 6?
-151135
What is 15325 (base 9) in base 8?
24350
What is 11022 (base 3) in base 8?
164
211001 (base 3) to base 4
21103
What is 44178 (base 9) in base 5?
1414222
Convert -55532 (base 7) to base 5.
-421423
What is 2282 (base 11) in base 12?
1896
What is -5036 (base 7) in base 11?
-1344
What is -1200012 (base 3) in base 12?
-858
What is 1982 (base 12) in base 9?
4248
What is 31202 (base 6) in base 16?
1052
-1236 (base 10) to base 11
-a24
Convert -807 (base 15) to base 12.
-1067
Convert 31031 (base 4) to base 7.
2315
What is 462 (base 8) in base 7?
615
-740 (base 11) to base 15
-3e6
Convert -11153 (base 6) to base 12.
-ab9
What is 1000200202 (base 3) in base 14?
7501
Convert 1001010 (base 2) to base 4.
1022
Convert 434 (base 8) to base 5.
2114
Convert 134402 (base 5) to base 11.
4233
Convert 3 (base 9) to base 8.
3
334350 (base 6) to base 2
110111000111010
What is -133330 (base 4) in base 15?
-914
Convert -15151 (base 6) to base 14.
-c67
Convert 8bb (base 12) to base 11.
a78
What is -1143 (base 11) in base 9?
-2045
Convert 2a77 (base 11) to base 14.
1628
Convert -5610 (base 7) to base 3.
-2202200
What is -223 (base 12) in base 6?
-1243
What is -2a (base 15) in base 14?
-2c
-1487 (base 9) to base 8
-2154
What is 6313 (base 13) in base 2?
11010110001001
-3354 (base 6) to base 13
-48a
What is -331000 (base 4) in base 7?
-14245
-ba (base 12) to base 10
-142
What is 4057 (base 12) in base 6?
52151
What is 202201010 (base 3) in base 2?
11101011111000
1022222112 (base 3) to base 12
1321b
856 (base 10) to base 7
2332
Convert 426 (base 9) to base 11.
297
Convert -110220112 (base 3) to base 15.
-2bc5
12322333 (base 4) to base 3
1102220001
Convert 2034 (base 15) to base 9.
10284
Convert a (base 16) to base 14.
a
Convert -10720 (base 8) to base 10.
-4560
What is -6be (base 15) in base 12?
-a75
What is 11112100 (base 3) in base 4?
303213
Convert 139b (base 13) to base 2.
101100010000
What is 5ab1 (base 12) in base 6?
115141
-5044 (base 6) to base 12
-784
What is -d9d (base 14) in base 7?
-10556
Convert 1013 (base 4) to base 13.
56
-592 (base 10) to base 2
-1001010000
Convert -13aa (base 16) to base 14.
-1b98
12101121 (base 3) to base 15
1271
Convert -24251 (base 8) to base 12.
-6035
Convert -4766 (base 10) to base 14.
-1a46
What is -2430 (base 5) in base 6?
-1405
What is 138 (base 12) in base 10?
188
Convert 6b0 (base 12) to base 2.
1111100100
Convert -2a26 (base 11) to base 9.
-5313
-85c (base 13) to base 5
-21204
What is -104543 (base 7) in base 3?
-221022112
52 (base 13) to base 14
4b
Convert 34e9 (base 15) to base 16.
2bec
What is 2220 (base 6) in base 3?
201010
1227 (base 10) to base 14
639
What is -415430 (base 6) in base 12?
-17576
-482 (base 13) to base 6
-3342
What is 6822